{"id":13,"date":"2023-05-14T10:38:59","date_gmt":"2023-05-14T15:38:59","guid":{"rendered":"https:\/\/fundacionantoluz.org\/?page_id=13"},"modified":"2025-05-15T16:21:34","modified_gmt":"2025-05-15T21:21:34","slug":"inicio","status":"publish","type":"page","link":"https:\/\/fundacionantoluz.org\/","title":{"rendered":"Inicio"},"content":{"rendered":"\n<div class=\"wp-block-essential-blocks-slider alignwide root-eb-slider-g47embx\"><div class=\"eb-parent-wrapper eb-parent-eb-slider-g47embx \"><div class=\"eb-slider-wrapper eb-slider-g47embx\" data-blockid=\"eb-slider-g47embx\" data-version=\"v4\" data-settings=\"eyJhcnJvd3MiOmZhbHNlLCJhZGFwdGl2ZUhlaWdodCI6ZmFsc2UsImF1dG9wbGF5Ijp0cnVlLCJhdXRvcGxheVNwZWVkIjozMDAwLCJkb3RzIjpmYWxzZSwiZmFkZSI6ZmFsc2UsImluZmluaXRlIjp0cnVlLCJwYXVzZU9uSG92ZXIiOnRydWUsInNsaWRlc1RvU2hvdyI6MSwic3BlZWQiOjUwMCwidmVydGljYWwiOmZhbHNlLCJjdXJyZW50U2xpZGUiOjAsInJ0bCI6ZmFsc2UsInJlc3BvbnNpdmUiOlt7ImJyZWFrcG9pbnQiOjEwMjUsInNldHRpbmdzIjp7InNsaWRlc1RvU2hvdyI6MX19LHsiYnJlYWtwb2ludCI6NzY3LCJzZXR0aW5ncyI6eyJzbGlkZXNUb1Nob3ciOjF9fV19\" data-arrownexticon=\"fas fa-arrow-alt-circle-right\" data-arrowprevicon=\"fas fa-arrow-alt-circle-left\" data-lightbox=\"false\"><div class=\"eb-slider-init eb-slider-type-image\"><div class=\"eb-slider-item content-1\" data-src=\"https:\/\/fundacionantoluz.org\/wp-content\/uploads\/2025\/05\/IMG_0489-scaled.jpg\"><div><img class=\"eb-slider-image\" data-lazy=\"https:\/\/fundacionantoluz.org\/wp-content\/uploads\/2025\/05\/IMG_0489-scaled.jpg\"\/><\/div><\/div><div class=\"eb-slider-item content-1\" data-src=\"https:\/\/fundacionantoluz.org\/wp-content\/uploads\/2025\/05\/IMG_0849-scaled.jpg\"><div><img class=\"eb-slider-image\" data-lazy=\"https:\/\/fundacionantoluz.org\/wp-content\/uploads\/2025\/05\/IMG_0849-scaled.jpg\"\/><\/div><\/div><div class=\"eb-slider-item content-1\" data-src=\"https:\/\/fundacionantoluz.org\/wp-content\/uploads\/2025\/05\/IMG_5686-scaled.jpg\"><div><img class=\"eb-slider-image\" data-lazy=\"https:\/\/fundacionantoluz.org\/wp-content\/uploads\/2025\/05\/IMG_5686-scaled.jpg\"\/><\/div><\/div><div class=\"eb-slider-item content-1\" data-src=\"https:\/\/fundacionantoluz.org\/wp-content\/uploads\/2025\/05\/PHOTO-2024-05-22-07-33-19-7.jpg\"><div><img class=\"eb-slider-image\" data-lazy=\"https:\/\/fundacionantoluz.org\/wp-content\/uploads\/2025\/05\/PHOTO-2024-05-22-07-33-19-7.jpg\"\/><\/div><\/div><div class=\"eb-slider-item content-1\" data-src=\"https:\/\/fundacionantoluz.org\/wp-content\/uploads\/2025\/05\/PHOTO-2024-05-22-07-33-19-5.jpg\"><div><img class=\"eb-slider-image\" data-lazy=\"https:\/\/fundacionantoluz.org\/wp-content\/uploads\/2025\/05\/PHOTO-2024-05-22-07-33-19-5.jpg\"\/><\/div><\/div><div class=\"eb-slider-item content-1\" data-src=\"https:\/\/fundacionantoluz.org\/wp-content\/uploads\/2025\/05\/IMG_5893-2-scaled.jpg\"><div><img class=\"eb-slider-image\" data-lazy=\"https:\/\/fundacionantoluz.org\/wp-content\/uploads\/2025\/05\/IMG_5893-2-scaled.jpg\"\/><\/div><\/div><div class=\"eb-slider-item content-1\" data-src=\"https:\/\/fundacionantoluz.org\/wp-content\/uploads\/2025\/05\/IMG_20240423_134308-1-scaled.jpg\"><div><img class=\"eb-slider-image\" data-lazy=\"https:\/\/fundacionantoluz.org\/wp-content\/uploads\/2025\/05\/IMG_20240423_134308-1-scaled.jpg\"\/><\/div><\/div><\/div><\/div><\/div><\/div>\n\n\n\n<div style=\"height:50px\" aria-hidden=\"true\" class=\"wp-block-spacer\"><\/div>\n\n\n\n<div class=\"wp-block-uagb-container uagb-block-0dd928f6 alignfull uagb-is-root-container\"><div class=\"uagb-container-inner-blocks-wrap\">\n<p class=\"has-text-align-center\">La Fundaci\u00f3n AntoLuz, es una entidad privada, sin \u00e1nimo de lucro, creada con el prop\u00f3sito de continuar con el legado de los esposos Antonio Obeso y Luz Mej\u00eda, de invertir en iniciativas y organizaciones que promuevan la equidad, la solidaridad y el respeto y protecci\u00f3n de los derechos de la ni\u00f1ez y las personas mayores m\u00e1s vulnerables de la ciudad de Cali.<\/p>\n<\/div><\/div>\n\n\n\n<div class=\"wp-block-uagb-info-box uagb-block-0e2f0a0c uagb-infobox__content-wrap  uagb-infobox-icon-above-title uagb-infobox-image-valign-top\"><div class=\"uagb-ifb-content\"><div class=\"uagb-ifb-title-wrap\"><h3 class=\"uagb-ifb-title\">Misi\u00f3n<\/h3><\/div><p class=\"uagb-ifb-desc\">La misi\u00f3n de la Fundaci\u00f3n AntoLuz, es contribuir a mejorar las condiciones de\u00a0 ni\u00f1as, ni\u00f1os y personas mayores\u00a0 en<br>situaci\u00f3n de vulnerabilidad, impulsando y apoyando iniciativas que promuevan la educaci\u00f3n, la salud, el bienestar y el desarrollo social, permiti\u00e9ndoles tener una vida digna y con oportunidades.<\/p><\/div><\/div>\n\n\n\n<div class=\"wp-block-uagb-info-box uagb-block-b600e5f6 uagb-infobox__content-wrap  uagb-infobox-icon-above-title uagb-infobox-image-valign-top\"><div class=\"uagb-ifb-content\"><div class=\"uagb-ifb-title-wrap\"><h3 class=\"uagb-ifb-title\">Visi\u00f3n<\/h3><\/div><p class=\"uagb-ifb-desc\">Ser una organizaci\u00f3n l\u00edder, reconocida por impulsar iniciativas innovadoras y de gran impacto, que promuevan la protecci\u00f3n y el respeto de los derechos de la ni\u00f1ez y las personas\u00a0 mayores.<\/p><\/div><\/div>\n\n\n\n<div style=\"height:50px\" aria-hidden=\"true\" class=\"wp-block-spacer\"><\/div>\n\n\n\n<div class=\"wp-block-uagb-container uagb-block-04ccb5a1 alignfull uagb-is-root-container\">\n<div class=\"wp-block-uagb-container uagb-block-37506a4f\">\n<div class=\"wp-block-uagb-advanced-heading uagb-block-75835c4b\"><h4 class=\"uagb-heading-text\">OBJETIVOS DE DESARROLLO SOSTENIBLE<\/h4><p class=\"uagb-desc-text\">El trabajo de la Fundaci\u00f3n contribuye al cumplimiento de los siguientes objetivos:<\/p><\/div>\n<\/div>\n\n\n\n<div class=\"wp-block-uagb-container uagb-block-1d0a25e1\"><div class=\"wp-block-image\">\n<figure class=\"aligncenter size-full\"><img loading=\"lazy\" decoding=\"async\" width=\"794\" height=\"214\" src=\"https:\/\/fundacionantoluz.org\/wp-content\/uploads\/2023\/05\/Picture1.png\" alt=\"\" class=\"wp-image-49\" srcset=\"https:\/\/fundacionantoluz.org\/wp-content\/uploads\/2023\/05\/Picture1.png 794w, https:\/\/fundacionantoluz.org\/wp-content\/uploads\/2023\/05\/Picture1-300x81.png 300w, https:\/\/fundacionantoluz.org\/wp-content\/uploads\/2023\/05\/Picture1-768x207.png 768w, https:\/\/fundacionantoluz.org\/wp-content\/uploads\/2023\/05\/Picture1-575x155.png 575w, https:\/\/fundacionantoluz.org\/wp-content\/uploads\/2023\/05\/Picture1-380x102.png 380w\" sizes=\"auto, (max-width: 794px) 100vw, 794px\" \/><\/figure><\/div><\/div>\n<\/div>\n\n\n\n<div style=\"height:100px\" aria-hidden=\"true\" class=\"wp-block-spacer\"><\/div>\n\n\n\n<div class=\"wp-block-uagb-advanced-heading uagb-block-c32e627a\"><h4 class=\"uagb-heading-text\"><strong>LINEAS DE ACCI\u00d3N<\/strong><\/h4><\/div>\n\n\n\n<div class=\"wp-block-essential-blocks-feature-list root-eb-feature-list-3uugr12\"><div class=\"eb-parent-wrapper eb-parent-eb-feature-list-3uugr12 \"><div class=\"eb-feature-list-3uugr12 eb-feature-list-wrapper eb-icon-position-left eb-tablet-icon-position-left eb-mobile-icon-position-left eb-feature-list-left\"><ul class=\"eb-feature-list-items circle stacked\"><li class=\"eb-feature-list-item\" data-new-tab=\"false\" data-icon-type=\"icon\" data-icon=\"fas fa-angle-right\" data-link=\"\"><div class=\"eb-feature-list-icon-box\"><div class=\"eb-feature-list-icon-inner\"><span class=\"eb-feature-list-icon\"><i icon=\"fas fa-angle-right\" class=\"fas fa-angle-right \"><\/i><\/span><\/div><\/div><div class=\"eb-feature-list-content-box\"><h3 class=\"eb-feature-list-title\">1.\tDESARROLLO INTEGRAL DE LA NI\u00d1EZ<\/h3><p class=\"eb-feature-list-content\">Impulsamos y participamos en proyectos que contribuyen a transformar la vida de ni\u00f1os y ni\u00f1as en situaci\u00f3n de vulnerabilidad, garantizando su desarrollo integral y el respeto a sus derechos fundamentales: educaci\u00f3n de calidad, atenci\u00f3n en salud, juego y sana recreaci\u00f3n.<\/p><\/div><\/li><li class=\"eb-feature-list-item\" data-new-tab=\"false\" data-icon-type=\"icon\" data-icon=\"fas fa-angle-right\" data-link=\"\"><div class=\"eb-feature-list-icon-box\"><div class=\"eb-feature-list-icon-inner\"><span class=\"eb-feature-list-icon\"><i icon=\"fas fa-angle-right\" class=\"fas fa-angle-right \"><\/i><\/span><\/div><\/div><div class=\"eb-feature-list-content-box\"><h3 class=\"eb-feature-list-title\">2. ENVEJECIMIENTO SALUDABLE<\/h3><p class=\"eb-feature-list-content\">Promover el bienestar y la inclusi\u00f3n de las personas mayores, y reducir la pobreza y la discriminaci\u00f3n en la vejez.<\/p><\/div><\/li><\/ul><\/div><\/div><\/div>\n\n\n\n<div style=\"height:100px\" aria-hidden=\"true\" class=\"wp-block-spacer\"><\/div>\n\n\n\n<div class=\"wp-block-uagb-container uagb-block-5cbb4809 alignfull uagb-is-root-container\"><div class=\"uagb-container-inner-blocks-wrap\">\n<div class=\"wp-block-uagb-container uagb-block-f1de70a3\"><\/div>\n\n\n\n<div class=\"wp-block-uagb-container uagb-block-e6e2ad71\"><\/div>\n\n\n\n<div class=\"wp-block-uagb-container uagb-block-7e70c225\"><\/div>\n<\/div><\/div>\n\n\n\n<div class=\"wp-block-uagb-container uagb-block-505c9cdc default uagb-is-root-container\">\n<div class=\"wp-block-uagb-container uagb-block-db110d15\"><\/div>\n\n\n\n<div class=\"wp-block-uagb-container uagb-block-d83c311a\">\n<div class=\"wp-block-uagb-advanced-heading uagb-block-62198f95\"><h4 class=\"uagb-heading-text\"><strong>COMO TRABAJAMOS<\/strong><\/h4><\/div>\n\n\n\n<p class=\"has-text-align-center\"><strong>APOYO A FUNDACIONES<\/strong><br>Reconocemos el trabajo que realizan las fundaciones que trabajan directamente con los beneficiarios. Invertimos y apoyamos fundaciones que desarrollan programas y proyectos que cumplen con nuestra misi\u00f3n<\/p>\n\n\n\n<p class=\"has-text-align-center\"><strong>ALIANZAS<\/strong><br>Creemos en la importancia de trabajar en equipo con otras organizaciones para lograr soluciones sostenibles a los problemas sociales de nuestro pa\u00eds.&nbsp; Es as\u00ed como desarrollamos y participamos en alianzas estrat\u00e9gicas con otras entidades privadas, con el objetivo de promover la colaboraci\u00f3n, generar m\u00e1s impacto y compartir conocimiento para alcanzar los objetivos misionales.<\/p>\n<\/div>\n\n\n\n<div class=\"wp-block-uagb-container uagb-block-e2304619\"><\/div>\n<\/div>\n","protected":false},"excerpt":{"rendered":"<p>La Fundaci\u00f3n AntoLuz, es una entidad privada, sin \u00e1nimo de lucro, creada con el prop\u00f3sito de continuar con el legado de los esposos Antonio Obeso y Luz Mej\u00eda, de invertir [&hellip;]<\/p>\n","protected":false},"author":1,"featured_media":0,"parent":0,"menu_order":0,"comment_status":"closed","ping_status":"closed","template":"","meta":{"_eb_attr":"","_uag_custom_page_level_css":"","footnotes":""},"class_list":["post-13","page","type-page","status-publish","hentry"],"uagb_featured_image_src":{"full":false,"thumbnail":false,"medium":false,"medium_large":false,"large":false,"1536x1536":false,"2048x2048":false,"botiga-extra-large":false,"botiga-large":false,"botiga-big":false,"botiga-medium":false},"uagb_author_info":{"display_name":"informacion","author_link":"https:\/\/fundacionantoluz.org\/index.php\/author\/informacion\/"},"uagb_comment_info":0,"uagb_excerpt":"La Fundaci\u00f3n AntoLuz, es una entidad privada, sin \u00e1nimo de lucro, creada con el prop\u00f3sito de continuar con el legado de los esposos Antonio Obeso y Luz Mej\u00eda, de invertir [&hellip;]","_links":{"self":[{"href":"https:\/\/fundacionantoluz.org\/index.php\/wp-json\/wp\/v2\/pages\/13","targetHints":{"allow":["GET"]}}],"collection":[{"href":"https:\/\/fundacionantoluz.org\/index.php\/wp-json\/wp\/v2\/pages"}],"about":[{"href":"https:\/\/fundacionantoluz.org\/index.php\/wp-json\/wp\/v2\/types\/page"}],"author":[{"embeddable":true,"href":"https:\/\/fundacionantoluz.org\/index.php\/wp-json\/wp\/v2\/users\/1"}],"replies":[{"embeddable":true,"href":"https:\/\/fundacionantoluz.org\/index.php\/wp-json\/wp\/v2\/comments?post=13"}],"version-history":[{"count":79,"href":"https:\/\/fundacionantoluz.org\/index.php\/wp-json\/wp\/v2\/pages\/13\/revisions"}],"predecessor-version":[{"id":472,"href":"https:\/\/fundacionantoluz.org\/index.php\/wp-json\/wp\/v2\/pages\/13\/revisions\/472"}],"wp:attachment":[{"href":"https:\/\/fundacionantoluz.org\/index.php\/wp-json\/wp\/v2\/media?parent=13"}],"curies":[{"name":"wp","href":"https:\/\/api.w.org\/{rel}","templated":true}]}}

<div class="wp-block-essential-blocks-slider alignwide root-eb-slider-g47embx"><div class="eb-parent-wrapper eb-parent-eb-slider-g47embx "><div class="eb-slider-wrapper eb-slider-g47embx" data-blockid="eb-slider-g47embx" data-version="v4" data-settings="eyJhcnJvd3MiOmZhbHNlLCJhZGFwdGl2ZUhlaWdodCI6ZmFsc2UsImF1dG9wbGF5Ijp0cnVlLCJhdXRvcGxheVNwZWVkIjozMDAwLCJkb3RzIjpmYWxzZSwiZmFkZSI6ZmFsc2UsImluZmluaXRlIjp0cnVlLCJwYXVzZU9uSG92ZXIiOnRydWUsInNsaWRlc1RvU2hvdyI6MSwic3BlZWQiOjUwMCwidmVydGljYWwiOmZhbHNlLCJjdXJyZW50U2xpZGUiOjAsInJ0bCI6ZmFsc2UsInJlc3BvbnNpdmUiOlt7ImJyZWFrcG9pbnQiOjEwMjUsInNldHRpbmdzIjp7InNsaWRlc1RvU2hvdyI6MX19LHsiYnJlYWtwb2ludCI6NzY3LCJzZXR0aW5ncyI6eyJzbGlkZXNUb1Nob3ciOjF9fV19" data-arrownexticon="fas fa-arrow-alt-circle-right" data-arrowprevicon="fas fa-arrow-alt-circle-left" data-lightbox="false"><div class="eb-slider-init eb-slider-type-image"><div class="eb-slider-item content-1" data-src="https://fundacionantoluz.org/wp-content/uploads/2025/05/IMG_0489-scaled.jpg"><div><img class="eb-slider-image" data-lazy="https://fundacionantoluz.org/wp-content/uploads/2025/05/IMG_0489-scaled.jpg"/></div></div><div class="eb-slider-item content-1" data-src="https://fundacionantoluz.org/wp-content/uploads/2025/05/IMG_0849-scaled.jpg"><div><img class="eb-slider-image" data-lazy="https://fundacionantoluz.org/wp-content/uploads/2025/05/IMG_0849-scaled.jpg"/></div></div><div class="eb-slider-item content-1" data-src="https://fundacionantoluz.org/wp-content/uploads/2025/05/IMG_5686-scaled.jpg"><div><img class="eb-slider-image" data-lazy="https://fundacionantoluz.org/wp-content/uploads/2025/05/IMG_5686-scaled.jpg"/></div></div><div class="eb-slider-item content-1" data-src="https://fundacionantoluz.org/wp-content/uploads/2025/05/PHOTO-2024-05-22-07-33-19-7.jpg"><div><img class="eb-slider-image" data-lazy="https://fundacionantoluz.org/wp-content/uploads/2025/05/PHOTO-2024-05-22-07-33-19-7.jpg"/></div></div><div class="eb-slider-item content-1" data-src="https://fundacionantoluz.org/wp-content/uploads/2025/05/PHOTO-2024-05-22-07-33-19-5.jpg"><div><img class="eb-slider-image" data-lazy="https://fundacionantoluz.org/wp-content/uploads/2025/05/PHOTO-2024-05-22-07-33-19-5.jpg"/></div></div><div class="eb-slider-item content-1" data-src="https://fundacionantoluz.org/wp-content/uploads/2025/05/IMG_5893-2-scaled.jpg"><div><img class="eb-slider-image" data-lazy="https://fundacionantoluz.org/wp-content/uploads/2025/05/IMG_5893-2-scaled.jpg"/></div></div><div class="eb-slider-item content-1" data-src="https://fundacionantoluz.org/wp-content/uploads/2025/05/IMG_20240423_134308-1-scaled.jpg"><div><img class="eb-slider-image" data-lazy="https://fundacionantoluz.org/wp-content/uploads/2025/05/IMG_20240423_134308-1-scaled.jpg"/></div></div></div></div></div></div>



<div style="height:50px" aria-hidden="true" class="wp-block-spacer"></div>



<div class="wp-block-uagb-container uagb-block-0dd928f6 alignfull uagb-is-root-container"><div class="uagb-container-inner-blocks-wrap">
<p class="has-text-align-center">La Fundación AntoLuz, es una entidad privada, sin ánimo de lucro, creada con el propósito de continuar con el legado de los esposos Antonio Obeso y Luz Mejía, de invertir en iniciativas y organizaciones que promuevan la equidad, la solidaridad y el respeto y protección de los derechos de la niñez y las personas mayores más vulnerables de la ciudad de Cali.</p>
</div></div>



<div class="wp-block-uagb-info-box uagb-block-0e2f0a0c uagb-infobox__content-wrap  uagb-infobox-icon-above-title uagb-infobox-image-valign-top"><div class="uagb-ifb-content"><div class="uagb-ifb-title-wrap"><h3 class="uagb-ifb-title">Misión</h3></div><p class="uagb-ifb-desc">La misión de la Fundación AntoLuz, es contribuir a mejorar las condiciones de  niñas, niños y personas mayores  en<br>situación de vulnerabilidad, impulsando y apoyando iniciativas que promuevan la educación, la salud, el bienestar y el desarrollo social, permitiéndoles tener una vida digna y con oportunidades.</p></div></div>



<div class="wp-block-uagb-info-box uagb-block-b600e5f6 uagb-infobox__content-wrap  uagb-infobox-icon-above-title uagb-infobox-image-valign-top"><div class="uagb-ifb-content"><div class="uagb-ifb-title-wrap"><h3 class="uagb-ifb-title">Visión</h3></div><p class="uagb-ifb-desc">Ser una organización líder, reconocida por impulsar iniciativas innovadoras y de gran impacto, que promuevan la protección y el respeto de los derechos de la niñez y las personas  mayores.</p></div></div>



<div style="height:50px" aria-hidden="true" class="wp-block-spacer"></div>



<div class="wp-block-uagb-container uagb-block-04ccb5a1 alignfull uagb-is-root-container">
<div class="wp-block-uagb-container uagb-block-37506a4f">
<div class="wp-block-uagb-advanced-heading uagb-block-75835c4b"><h4 class="uagb-heading-text">OBJETIVOS DE DESARROLLO SOSTENIBLE</h4><p class="uagb-desc-text">El trabajo de la Fundación contribuye al cumplimiento de los siguientes objetivos:</p></div>
</div>



<div class="wp-block-uagb-container uagb-block-1d0a25e1"><div class="wp-block-image">
<figure class="aligncenter size-full"><img loading="lazy" decoding="async" width="794" height="214" src="https://fundacionantoluz.org/wp-content/uploads/2023/05/Picture1.png" alt="" class="wp-image-49" srcset="https://fundacionantoluz.org/wp-content/uploads/2023/05/Picture1.png 794w, https://fundacionantoluz.org/wp-content/uploads/2023/05/Picture1-300x81.png 300w, https://fundacionantoluz.org/wp-content/uploads/2023/05/Picture1-768x207.png 768w, https://fundacionantoluz.org/wp-content/uploads/2023/05/Picture1-575x155.png 575w, https://fundacionantoluz.org/wp-content/uploads/2023/05/Picture1-380x102.png 380w" sizes="auto, (max-width: 794px) 100vw, 794px" /></figure></div></div>
</div>



<div style="height:100px" aria-hidden="true" class="wp-block-spacer"></div>



<div class="wp-block-uagb-advanced-heading uagb-block-c32e627a"><h4 class="uagb-heading-text"><strong>LINEAS DE ACCIÓN</strong></h4></div>



<div class="wp-block-essential-blocks-feature-list root-eb-feature-list-3uugr12"><div class="eb-parent-wrapper eb-parent-eb-feature-list-3uugr12 "><div class="eb-feature-list-3uugr12 eb-feature-list-wrapper eb-icon-position-left eb-tablet-icon-position-left eb-mobile-icon-position-left eb-feature-list-left"><ul class="eb-feature-list-items circle stacked"><li class="eb-feature-list-item" data-new-tab="false" data-icon-type="icon" data-icon="fas fa-angle-right" data-link=""><div class="eb-feature-list-icon-box"><div class="eb-feature-list-icon-inner"><span class="eb-feature-list-icon"><i icon="fas fa-angle-right" class="fas fa-angle-right "></i></span></div></div><div class="eb-feature-list-content-box"><h3 class="eb-feature-list-title">1.	DESARROLLO INTEGRAL DE LA NIÑEZ</h3><p class="eb-feature-list-content">Impulsamos y participamos en proyectos que contribuyen a transformar la vida de niños y niñas en situación de vulnerabilidad, garantizando su desarrollo integral y el respeto a sus derechos fundamentales: educación de calidad, atención en salud, juego y sana recreación.</p></div></li><li class="eb-feature-list-item" data-new-tab="false" data-icon-type="icon" data-icon="fas fa-angle-right" data-link=""><div class="eb-feature-list-icon-box"><div class="eb-feature-list-icon-inner"><span class="eb-feature-list-icon"><i icon="fas fa-angle-right" class="fas fa-angle-right "></i></span></div></div><div class="eb-feature-list-content-box"><h3 class="eb-feature-list-title">2. ENVEJECIMIENTO SALUDABLE</h3><p class="eb-feature-list-content">Promover el bienestar y la inclusión de las personas mayores, y reducir la pobreza y la discriminación en la vejez.</p></div></li></ul></div></div></div>



<div style="height:100px" aria-hidden="true" class="wp-block-spacer"></div>



<div class="wp-block-uagb-container uagb-block-5cbb4809 alignfull uagb-is-root-container"><div class="uagb-container-inner-blocks-wrap">
<div class="wp-block-uagb-container uagb-block-f1de70a3"></div>



<div class="wp-block-uagb-container uagb-block-e6e2ad71"></div>



<div class="wp-block-uagb-container uagb-block-7e70c225"></div>
</div></div>



<div class="wp-block-uagb-container uagb-block-505c9cdc default uagb-is-root-container">
<div class="wp-block-uagb-container uagb-block-db110d15"></div>



<div class="wp-block-uagb-container uagb-block-d83c311a">
<div class="wp-block-uagb-advanced-heading uagb-block-62198f95"><h4 class="uagb-heading-text"><strong>COMO TRABAJAMOS</strong></h4></div>



<p class="has-text-align-center"><strong>APOYO A FUNDACIONES</strong><br>Reconocemos el trabajo que realizan las fundaciones que trabajan directamente con los beneficiarios. Invertimos y apoyamos fundaciones que desarrollan programas y proyectos que cumplen con nuestra misión</p>



<p class="has-text-align-center"><strong>ALIANZAS</strong><br>Creemos en la importancia de trabajar en equipo con otras organizaciones para lograr soluciones sostenibles a los problemas sociales de nuestro país.&nbsp; Es así como desarrollamos y participamos en alianzas estratégicas con otras entidades privadas, con el objetivo de promover la colaboración, generar más impacto y compartir conocimiento para alcanzar los objetivos misionales.</p>
</div>



<div class="wp-block-uagb-container uagb-block-e2304619"></div>
</div>

<p>La Fundación AntoLuz, es una entidad privada, sin ánimo de lucro, creada con el propósito de continuar con el legado de los esposos Antonio Obeso y Luz Mejía, de invertir [&hellip;]</p>

La Fundación AntoLuz, es una entidad privada, sin ánimo de lucro, creada con el propósito de continuar con el legado de los esposos Antonio Obeso y Luz Mejía, de invertir [&hellip;]
